inder when 7884742 is divided by 331.
322
Calculate the remainder when 224873 is divided by 9367.
65
Calculate the remainder when 532906203 is divided by 4745.
4743
What is the remainder when 154268 is divided by 8846?
3886
Calculate the remainder when 1463544 is divided by 3705.
69
What is the remainder when 626812 is divided by 23?
16
What is the remainder when 158433 is divided by 31233?
2268
What is the remainder when 111119787 is divided by 309?
297
Calculate the remainder when 1964976 is divided by 21833.
6
What is the remainder when 2653388 is divided by 55?
23
Calculate the remainder when 57403 is divided by 1220.
63
Calculate the remainder when 4470138 is divided by 32.
26
What is the remainder when 1964841 is divided by 1529?
76
Calculate the remainder when 19389598 is divided by 9.
7
What is the remainder when 206425448 is divided by 77?
75
Calculate the remainder when 283441 is divided by 46436.
4825
What is the remainder when 127873 is divided by 21227?
511
Calculate the remainder when 641010 is divided by 626.
612
Calculate the remainder when 185392 is divided by 4207.
284
Calculate the remainder when 948612788 is divided by 10310.
10308
What is the remainder when 4163641 is divided by 106760?
1
Calculate the remainder when 38015 is divided by 10239.
7298
What is the remainder when 2975912 is divided by 2975888?
24
What is the remainder when 195210 is divided by 24392?
74
What is the remainder when 133864 is divided by 1408?
104
What is the remainder when 7552502 is divided by 349?
142
What is the remainder when 141905042 is divided by 2219?
2211
What is the remainder when 9767182 is divided by 48?
46
Calculate the remainder when 46387 is divided by 545.
62
What is the remainder when 4206510 is divided by 35?
0
What is the remainder when 155974 is divided by 544?
390
What is the remainder when 2507451 is divided by 835817?
0
What is the remainder when 26734675 is divided by 3708?
3703
What is the remainder when 161291 is divided by 1382?
979
What is the remainder when 4543597 is divided by 267183?
1486
What is the remainder when 11855665 is divided by 10548?
10261
Calculate the remainder when 40324 is divided by 35292.
5032
What is the remainder when 104503638 is divided by 5805757?
12
What is the remainder when 974809 is divided by 38992?
9
What is the remainder when 2314394 is divided by 7347?
89
What is the remainder when 331358 is divided by 55191?
212
What is the remainder when 6473440 is divided by 49?
1
What is the remainder when 3819402 is divided by 1273117?
51
Calculate the remainder when 19985922 is divided by 105.
12
Calculate the remainder when 971488 is divided by 1611.
55
What is the remainder when 61460 is divided by 12276?
80
What is the remainder when 204185 is divided by 67992?
209
Calculate the remainder when 33478596 is divided by 8.
4
What is the remainder when 19078585 is divided by 102?
97
Calculate the remainder when 7024290 is divided by 415.
0
What is the remainder when 458830 is divided by 19110?
190
Calculate the remainder when 611692 is divided by 28.
4
What is the remainder when 24120331 is divided by 3?
1
What is the remainder when 197256 is divided by 2736?
264
Calculate the remainder when 854196 is divided by 29455.
1
What is the remainder when 48243 is divided by 625?
118
Calculate the remainder when 25304754 is divided by 8434915.
9
What is the remainder when 6781620 is divided by 1695399?
24
Calculate the remainder when 24664 is divided by 3190.
2334
Calculate the remainder when 81189019 is divided by 81189010.
9
What is the remainder when 33853065 is divided by 47?
46
Calculate the remainder when 492508 is divided by 3219.
1
What is the remainder when 45996796 is divided by 51?
49
What is the remainder when 29247272 is divided by 2393?
26
Calculate the remainder when 1146460 is divided by 382142.
34
What is the remainder when 1016880 is divided by 44211?
27
Calculate the remainder when 95661 is divided by 6260.
1761
What is the remainder when 127835 is divided by 789?
17
Calculate the remainder when 20530024 is divided by 70.
4
Calculate the remainder when 139838 is divided by 6250.
2338
What is the remainder when 2811371 is divided by 702791?
207
Calculate the remainder when 14296945 is divided by 712.
697
What is the remainder when 2787733 is divided by 2787535?
198
What is the remainder when 6635122 is divided by 13596?
274
Calculate the remainder when 125578676 is divided by 1902707.
14
Calculate the remainder when 274220 is divided by 249.
71
Calculate the remainder when 2585814 is divided by 852.
846
Calculate the remainder when 1323668 is divided by 260.
8
Calculate the remainder when 131631967 is divided by 131.
23
Calculate the remainder when 206912722 is divided by 22.
16
What is the remainder when 2242247 is divided by 21153?
29
Calculate the remainder when 577832 is divided by 387.
41
What is the remainder when 262550 is divided by 35?
15
Calculate the remainder when 1024554 is divided by 107.
29
What is the remainder when 13117943 is divided by 177?
119
Calculate the remainder when 563942 is divided by 2953.
2872
Calculate the remainder when 3662 is divided by 55.
32
What is the remainder when 258733 is divided by 28743?
46
What is the remainder when 874281 is divided by 184?
97
What is the remainder when 1293421 is divided by 3087?
3055
Calculate the remainder when 2393908 is divided by 22799.
13
Calculate the remainder when 116067 is divided by 19152.
1155
What is the remainder when 14905947 is divided by 57?
48
What is the remainder when 584776 is divided by 421?
7
Calculate the remainder when 135232759 is divided by 6146943.
13
Calculate the remainder when 51578 is divided by 17189.
11
Calculate the remainder when 6629 is divided by 134.
63
What is the remainder when 115327323 is divided by 7?
6
Calculate the remainder when 65286 is divided by 1126.
1104
What is the remainder when 700526 is divided by 755?
641
Calculate the remainder when 17877605 is divided by 174.
149
What is the remainder when 46576 is divided by 108?
28
What is the remainder when 29470 is divided by 154?
56
Calculate the remainder when 12636955 is divided by 173.
170
What is the remainder when 1928598 is divided by 840?
798
What is the remainder when 56795 is divided by 1320?
35
Calculate the remainder when 188527 is divided by 187794.
733
Calculate the remainder when 184991 is divided by 61655.
26
Calculate the remainder when 251834 is divided by 328.
258
Calculate the remainder when 50106 is divided by 668.
6
What is the remainder when 1270830 is divided by 423549?
183
What is the remainder when 607997 is divided by 588?
5
Calculate the remainder when 4317637 is divided by 392509.
38
What is the remainder when 1336210 is divided by 223?
217
What is the remainder when 34678 is divided by 2318?
2226
Calculate the remainder when 1998224 is divided by 333032.
32
Calculate the remainder when 78428486 is divided by 1084.
2
Calculate the remainder when 8785190 is divided by 890.
0
What is the remainder when 589293 is divided by 4333?
5
Calculate the remainder when 2385041 is divided by 635.
616
Calculate the remainder when 10004624 is divided by 310.
304
Calculate the remainder when 2963349 is divided by 5.
4
Calculate the remainder when 83573038 is divided by 41786515.
8
What is the remainder when 37144 is divided by 4389?
2032
What is the remainder when 538365 is divided by 5211?
1632
What is the remainder when 13111665 is divided by 4370545?
30
What is the remainder when 37588114 is divided by 22589?
18
What is the remainder when 700622 is divided by 700555?
67
Calculate the remainder when 90941568 is divided by 31.
30
Calculate the remainder when 33776233 is divided by 299.
296
What is the remainder when 578099 is divided by 318?
293
Calculate the remainder when 107075 is divided by 4843.
529
What is the remainder when 317904737 is divided by 431?
430
What is the remainder when 131194 is divided by 64150?
2894
What is the remainder when 71356803 is divided by 1822?
1817
Calculate the remainder when 165804 is divided by 4875.
54
What is the remainder when 77689793 is divided by 886?
883
Calculate the remainder when 202002 is divided by 245.
122
Calculate the remainder when 4442195 is divided by 12951.
